f 228724988?
8
What is the ten millions digit of 80422809?
8
What is the hundred millions digit of 718456999?
7
What is the millions digit of 194265529?
4
What is the hundred millions digit of 923859120?
9
What is the hundred thousands digit of 2290570239?
5
What is the hundred millions digit of 1553522423?
5
What is the millions digit of 2087972770?
7
What is the ten millions digit of 28050453?
2
What is the millions digit of 33017497?
3
What is the tens digit of 552623525?
2
What is the ten millions digit of 380034890?
8
What is the thousands digit of 466555193?
5
What is the ten millions digit of 411760807?
1
What is the hundred thousands digit of 4439372325?
3
What is the ten thousands digit of 330599469?
9
What is the tens digit of 70100045?
4
What is the millions digit of 5936200?
5
What is the ten thousands digit of 2234542987?
4
What is the billions digit of 2083178941?
2
What is the ten millions digit of 479720017?
7
What is the hundred millions digit of 1477825382?
4
What is the millions digit of 138852927?
8
What is the thousands digit of 336098607?
8
What is the ten millions digit of 82156482?
8
What is the hundreds digit of 65283226?
2
What is the thousands digit of 28073826?
3
What is the millions digit of 41689246?
1
What is the ten millions digit of 365868460?
6
What is the thousands digit of 3260879632?
9
What is the ten millions digit of 2787294291?
8
What is the tens digit of 95250693?
9
What is the tens digit of 158358699?
9
What is the ten millions digit of 2440327302?
4
What is the hundreds digit of 5080069811?
8
What is the tens digit of 4657296?
9
What is the tens digit of 31674152?
5
What is the thousands digit of 90624449?
4
What is the hundred thousands digit of 36959820?
9
What is the ten thousands digit of 48774685?
7
What is the ten thousands digit of 38661495?
6
What is the units digit of 378231071?
1
What is the millions digit of 282524932?
2
What is the tens digit of 4237307881?
8
What is the thousands digit of 999828058?
8
What is the tens digit of 1368151762?
6
What is the hundreds digit of 1202604735?
7
What is the tens digit of 56947791?
9
What is the tens digit of 275435254?
5
What is the thousands digit of 163410670?
0
What is the hundreds digit of 24805865?
8
What is the units digit of 55013062?
2
What is the thousands digit of 139917208?
7
What is the thousands digit of 41396917?
6
What is the hundred thousands digit of 113515846?
5
What is the tens digit of 968584232?
3
What is the ten millions digit of 2079736326?
7
What is the hundreds digit of 16208287?
2
What is the hundred thousands digit of 179459273?
4
What is the ten millions digit of 1637662543?
3
What is the ten thousands digit of 307787161?
8
What is the hundred thousands digit of 3311522599?
5
What is the ten millions digit of 59130082?
5
What is the hundred thousands digit of 16776007?
7
What is the ten thousands digit of 413424510?
2
What is the tens digit of 800140?
4
What is the tens digit of 86873240?
4
What is the hundred thousands digit of 131099490?
0
What is the hundreds digit of 73124818?
8
What is the thousands digit of 246778810?
8
What is the hundreds digit of 4584212612?
6
What is the ten millions digit of 85778137?
8
What is the units digit of 150203970?
0
What is the hundred millions digit of 1747579900?
7
What is the ten thousands digit of 109149117?
4
What is the hundreds digit of 3033654972?
9
What is the tens digit of 42009362?
6
What is the units digit of 570285756?
6
What is the hundred thousands digit of 215283863?
2
What is the units digit of 3007719440?
0
What is the tens digit of 1564965834?
3
What is the billions digit of 1118840845?
1
What is the hundreds digit of 2102675756?
7
What is the units digit of 169918901?
1
What is the tens digit of 478281361?
6
What is the hundreds digit of 93641864?
8
What is the hundred thousands digit of 3896314145?
3
What is the ten millions digit of 372783449?
7
What is the hundred thousands digit of 68706494?
7
What is the millions digit of 151583064?
1
What is the hundreds digit of 31304705?
7
What is the ten thousands digit of 272196735?
9
What is the units digit of 5231100462?
2
What is the hundreds digit of 856341641?
6
What is the hundred millions digit of 416490387?
4
What is the millions digit of 2030379636?
0
What is the ten thousands digit of 69145739?
4
What is the millions digit of 6523946?
6
What is the hundred thousands digit of 3874260617?
2
What is the billions digit of 1546643043?
1
What is the tens digit of 2347347887?
8
What is the thousands digit of 5525207455?
7
What is the ten millions digit of 91884001?
9
What is the thousands digit of 945599810?
9
What is the tens digit of 160234652?
5
What is the ten thousands digit of 3929886542?
8
What is the units digit of 2575989?
9
What is the ten thousands digit of 93803287?
0
What is the millions digit of 22712238?
2
What is the hundreds digit of 367225798?
7
What is the tens digit of 217865693?
9
What is the hundreds digit of 2212507020?
0
What is the hundred millions digit of 155483335?
1
What is the ten millions digit of 49916349?
4
What is the hundreds digit of 500129120?
1
What is the ten millions digit of 112733150?
1
What is the thousands digit of 1685633889?
3
What is the ten millions digit of 1735159473?
3
What is the hundred thousands digit of 2863521391?
5
What is the ten thousands digit of 5885616711?
1
What is the tens digit of 493418486?
8
What is the ten millions digit of 76687086?
7
What is the ten thousands digit of 67649663?
4
What is the thousands digit of 61444468?
4
What is the tens digit of 392820947?
4
What is the ten millions digit of 250814030?
5
What is the tens digit of 1596812619?
1
What is the hundred thousands digit of 57959904?
9
What is the hundred thousands digit of 114006680?
0
What is the ten thousands digit of 1296548279?
4
What is the hundred thousands digit of 3274790719?
7
What is the thousands digit of 33698093?
8
What is the millions digit of 1253267272?
3
What is the ten millions digit of 52044103?
5
What is the ten thousands digit of 8996630?
9
What is the ten thousands digit of 91091183?
9
What is the hundreds digit of 65489699?
6
What is the ten millions digit of 24686740?
2
What is the thousands digit of 948747535?
7
What is the tens digit of 191607409?
0
What is the units digit of 8466036?
6
What is the units digit of 39280663?
3
What is the hundred thousands digit of 132206493?
2
What is the ten millions digit of 40448255?
4
What is the units digit of 1055776225?
5
What is the thousands digit of 980316458?
6
What is the millions digit of 2310345252?
0
What is the millions digit of 216845833?
6
What is the ten millions digit of 1821206040?
2
What is the hundred thousands digit of 39084630?
0
What is the millions digit of 71801718?
1
What is the thousands digit of 78841559?
1
What is the thousands digit of 65251832?
1
What is the ten thousands digit of 899783870?
8
What is the thousands digit of 5134824292?
4
What is the hundred thousands digit of 1056339?
0
What is the thousands digit of 18579401?
9
What is the hundreds digit of 13351573?
5
What is the hundred millions digit of 1769032216?
7
What is the millions digit of 46516535?
6
What is the units digit of 76408091?
1
What is the hundreds digit of 192825210?
2
What is the millions digit of 2521803481?
1
What is the thousands digit of 74103633?
3
What is the tens digit of 3755114925?
2
What is the millions digit of 51419973?
1
What is the millions digit of 267704597?
7
What is the hundred thousands digit of 438974145?
9
What is the units digit of 732700441?
1
What is the hundred thousands digit of 561460623?
4
What is the units digit of 861889475?
5
What is the hundred thousands digit of 47187899?
1
What is the ten millions digit of 149755360?
4
What is the hundred millions digit of 1078081832?
0
What is the ten millions digit of 679821341?
7
What is the ten thousands digit of 58703833?
0
What is the units digit of 1297909434?
4
What is the hundred thousands digit of 389884072?
8
What is the millions digit of 61025661?
1
What is the millions digit of 1162272879?
2
What is the thousands digit of 14140422?
0
What is the millions digit of 256728736?
6
What is the hundred thousands digit of 24774918?
7
What is the hu